) = 3*c**2 - 7*c + 6. Let t be w(z). Calculate the highest common divisor of t and g.
13
Let g(m) = -m**3 + 2*m**2 - 2*m + 3*m**2 + 3*m**3 - 3*m**3. Let v be g(3). What is the highest common divisor of v and 4?
4
Let q(b) = 2*b**2 + 95*b + 24. Let a be q(-49). Calculate the greatest common divisor of 9 and a.
9
Suppose 0 = -7*a - 152 + 1853. What is the greatest common divisor of 9 and a?
9
Let w(t) = 3*t - 2. Let m be w(3). Suppose -m*d + 10*d = 9. Suppose -d*n - 4*c = -56, 104 = 3*n - 3*c + 20. Calculate the greatest common divisor of n and 8.
8
Let g(v) = 9*v**2 + 2*v + 2. Let l be g(-2). Suppose -7*x + 5*x - l = 0. Let c be (1 + x/(-3))*9. Calculate the greatest common factor of c and 15.
15
Suppose 7*d - 32*d + 75 = 0. What is the highest common factor of 129 and d?
3
Let x = -30 - -110. Let z = x + 280. Suppose -2*p = -8*u + 3*u + z, u - 72 = -p. Calculate the greatest common divisor of 8 and u.
8
Suppose -u = 2*u. Suppose -6 = -4*i + 3*t + 10, -5*i + 4*t + 19 = u. What is the highest common divisor of 77 and i?
7
Suppose j = 0, y = -5*j + 3 + 1. Suppose -a + y*a = 162. Suppose 4*t = -t - 3*s + 107, 2*t + 4*s - a = 0. Calculate the highest common factor of 19 and t.
19
Let u(v) = -77*v + 930. Let f be u(12). Suppose 0 = -2*t - 5*x - 14 + 74, 5*t = 3*x + 150. Calculate the greatest common divisor of f and t.
6
Suppose 0 = -2*f + 67 + 1. Suppose 22 = 7*p - f. What is the highest common divisor of 1 and p?
1
Suppose q + 2*o - 863 = 0, 5*q - 1719 = 3*q + 3*o. What is the greatest common factor of 41 and q?
41
Suppose 6*g + 221 = 197. Let q(z) = -7*z**2 + z - 1. Let x be q(2). Let u be (-198)/x + g/(-6). Calculate the highest common divisor of 56 and u.
8
Suppose 3*a + 2*c - 8 = 0, 5*a - 4*a = 3*c + 21. Let d be (3/a - 2)*-126. Calculate the highest common divisor of d and 27.
27
Let j be 4/22 - (-39483)/99. Suppose -n + j = 2*t, -4*n - 253 = -4*t + 539. Let i = t + -104. Calculate the greatest common divisor of 38 and i.
19
Let k = -8004 + 8074. Let x(w) = w**3 + 6*w**2 - 2*w - 2. Let z be x(-6). What is the highest common divisor of k and z?
10
Suppose -5*v = -0 - 5, -4*v - 32 = -2*l. Calculate the highest common factor of l and 48.
6
Let k(m) = 2*m + 21. Let i(y) = -y**3 + 16*y**2 - 14*y - 21. Let r be i(15). Let u be k(r). Calculate the highest common factor of u and 1.
1
Let x(y) = y + 12. Let n be x(-9). Suppose -36 = -n*k + 180. Calculate the greatest common factor of 18 and k.
18
Suppose 0 = 6*i - 4*i + 5*z - 656, 5*i + 2*z = 1661. Calculate the greatest common factor of i and 18.
9
Suppose 0 = -5*l + l, -2*p - l + 20 = 0. Suppose -3*b = -3*o - 6 - 0, 4*o - 22 = -b. Let h be 12/(3 - b) - -6. Calculate the highest common factor of p and h.
2
Let x(n) = n**3 - 16*n**2 + 20*n - 63. Let r be x(15). Let j(h) = h**2. Let s be 2/(-6) + 51/(-9). Let l be j(s). What is the highest common divisor of r and l?
12
Suppose 79*w - 2880 = 74*w. Calculate the greatest common divisor of w and 9.
9
Let a(c) = 2*c. Let r be a(-3). Let b be (260/r)/((-1)/3). Suppose 32*k = 35*k - 156. What is the highest common factor of k and b?
26
Suppose -4*y + 2*y - 4 = 2*p, 0 = -4*y + 2*p + 22. Suppose 2*o - y = 5. Suppose -3*t - 49 = -o*t. Calculate the highest common divisor of t and 7.
7
Let y(t) = t - 11. Let h be y(13). Let c(a) = 5*a**3 + 4*a**2 + a - 7. Let n be c(h). Suppose p - 4*p = -102. Calculate the greatest common factor of n and p.
17
Suppose -3*z - j = -5*j - 94, z = -2*j + 48. Suppose q + 57 = 4*q. What is the greatest common factor of z and q?
19
Suppose -4*i + t = -6*i + 30, t = -2. What is the highest common divisor of 36 and i?
4
Let k(v) = 2*v**2. Let o be k(1). Suppose 15 = l - 1. Suppose 2*b - 4*x = l, 7*b = 3*b - 2*x + 72. Calculate the greatest common factor of o and b.
2
Suppose 107*l = 5*l + 32538. What is the highest common factor of l and 203?
29
Suppose 23*b + 8*b = 17360. What is the greatest common divisor of 160 and b?
80
Let l(s) = 10*s**2 + 2. Let b be l(-3). Suppose -4*m + 73 = 3*w, -12*w + 118 = -7*w + 3*m. What is the highest common divisor of b and w?
23
Let h = -5 + 10. Let m(b) be the second derivative of -10*b**3/3 + 5*b**2/2 + 11*b. Let l be m(-1). Calculate the greatest common factor of h and l.
5
Let i be (11/3)/((-1)/(-57)). Let x be 28/(-7) + 10 - -13. Calculate the highest common factor of i and x.
19
Let q(h) = 15*h + 39. Let i be q(-9). Let f be (-1*3)/(36/i). Suppose 13 + 28 = 4*t - 3*p, -5*p + 9 = 3*t. Calculate the greatest common divisor of t and f.
8
Let y(w) = -5*w + 152. Let r be y(25). Calculate the highest common factor of 351 and r.
27
Suppose 0 = 3*i - 2*i. Suppose i = -6*h + 12*h - 54. Calculate the highest common divisor of 36 and h.
9
Suppose 0 = -8*s + 64 + 176. What is the greatest common factor of 24 and s?
6
Let b = -38 + 518. Calculate the greatest common divisor of 15 and b.
15
Let g(z) = z**3 + 15*z**2 + 17*z + 18. Let w be g(-13). Suppose -7*k + w = -2*k - 3*j, k - 55 = -5*j. Calculate the greatest common divisor of 45 and k.
15
Let u = 335 - 173. Suppose -2*y + 129 = 2*y + 3*a, 5*y - u = -4*a. What is the highest common factor of 270 and y?
30
Let g(m) = -m**3 + 17*m**2 + 16*m - 9. Let u be g(18). Let h be (-7)/(-3) - 30/u. Let y be h - (-7)/((-14)/4). What is the greatest common factor of y and 3?
1
Suppose 0 = -0*k + 52*k - 520. Let j = 23 + 57. Calculate the greatest common factor of k and j.
10
Let n = -21 + 36. Suppose -n = -4*q - q. Let k be (-190 + q)*-1 + 0. Calculate the greatest common divisor of 17 and k.
17
Let c(v) = 2*v**3 - 5*v**2 + v - 3. Suppose -4 = -4*a - 8, 5*a = -s - 1. Let k be c(s). What is the highest common divisor of 7 and k?
7
Let p be 25/(-20) + 195/12. Calculate the highest common divisor of 25 and p.
5
Suppose 18*w + 352 = 3*s + 19*w, -2*s + 239 = 5*w. Calculate the highest common factor of s and 312.
39
Let w be (0 - 135/(-2))*(-160)/(-200). Calculate the greatest common factor of 162 and w.
54
Let u be 3 - (-1 + 6 + -12). Calculate the highest common factor of u and 4.
2
Let z(d) = d**3 - 4*d**2 - 10*d + 13. Suppose -2 = -b + 4. Let u be z(b). What is the greatest common divisor of u and 225?
25
Let z(f) = -3*f**3 - 12*f**2 + 12*f + 69. Let q be z(-5). Calculate the greatest common divisor of q and 60.
12
Let x be 3 - (1 + 2) - 2. Let r be (-3 + 5)/x*-3. Let u(z) = z**2 - 8*z + 13. Let a be u(6). What is the greatest common divisor of a and r?
1
Let u = 29 - 61. Suppose -59 = 3*l - 203. Let j = u + l. What is the greatest common factor of 128 and j?
16
Let t = -408 - -409. Suppose -2*c = -c - 30. Let b be 3234/c + t/5. What is the greatest common factor of b and 12?
12
Let q = 973 - 639. What is the greatest common divisor of q and 2?
2
Let l = 130 + -94. Calculate the highest common factor of 36 and l.
36
Let z(d) = -28*d + 3 + 2*d - 4. Let x be z(1). Let l be x/2*24/(-36). Calculate the greatest common factor of 1 and l.
1
Let x(u) = u**3 + 35*u**2 - 37*u - 21. Let w be x(-36). Calculate the highest common divisor of w and 405.
15
Let b be (-64)/(-3)*((-75)/4)/(-5). Suppose 0*h - h = -10. What is the greatest common factor of h and b?
10
Suppose -3 = -3*s + 30. Suppose 5*y + 40 = 9*y. Let a = s - y. Calculate the greatest common factor of 8 and a.
1
Let u = 13536 - 13522. Let c be (-2)/7 - (-900)/14. Suppose 62 = 3*k - c. Calculate the greatest common factor of u and k.
14
Let j be (20/(-8))/((-2)/28). Suppose -34*h = -j*h + 10. Suppose 3*z + 88 = y + 4*y, y + 5*z - 40 = 0. Calculate the greatest common factor of h and y.
10
Let c be (-1 + -2)/(5/(-220)) + 4. What is the highest common factor of c and 17?
17
Let l = -51 - -55. Let b be ((-36)/(-8))/((-6)/l + 2). Calculate the greatest common factor of b and 1.
1
Let y = -1077 - -1097. What is the highest common factor of 1040 and y?
20
Suppose -4*n + 3*n = -30. Let i(y) = 10*y**3 - 10*y**2 + 8*y - 16. Let r be i(2). What is the greatest common divisor of r and n?
10
Let v be 22/(-8)*2*(-324)/54. Calculate the highest common factor of v and 3.
3
Let l = -41 + 45. Let k be 9/(-3) + 0 + l. Calculate the highest common factor of k and 5.
1
Suppose 2*k + 7*h = 3*h + 28, 0 = 2*h - 10. Suppose -5*c + f + 593 - 109 = 0, -364 = -k*c - 5*f. Calculate the highest common divisor of c and 12.
12
Let z = -279 + 156. Let